0. Calculate w(-5).
10
Suppose -2*n + 2*c + 24 = 0, -20 = -3*n - c - 4. Suppose -4*r + 1858 = 2*p, -r = -2*r + 3*p + 461. Let s(o) = -o + 2*o - 474 + r. Determine s(n).
-3
Let h(w) = -w**2 - w + 10. Let q(s) be the second derivative of 9*s + 2*s**2 + 2/3*s**3 + 1/12*s**4 + 0. Let y be q(-2). Determine h(y).
10
Let j(q) = -q - 2. Let t be j(-5). Suppose -3*x - 8 = 3*o - o, -20 = 5*x. Let l(r) = -1 - 2*r**2 + 5*r - o*r**2 + r**2 - r**t - 2*r. Determine l(-3).
-10
Let h(n) be the first derivative of -2*n**2 - n - 25. Give h(2).
-9
Let z(t) = -t**3 + 7*t**2 - 5*t. Suppose m + 0 = 5. Suppose -m*b - 45 = -0*b. Let q be (-2)/2 - (b + 2). Give z(q).
6
Let i be 8/6 + (-2)/(-3). Let s = -7 + i. Let q(m) be the third derivative of -m**6/120 - m**5/15 + m**4/6 - 7*m**3/6 + 1734*m**2. Determine q(s).
-2
Let j(u) = u**2 - 31*u + 136. Let i be j(26). Let w(d) = 2*d + 5. What is w(i)?
17
Suppose 11 = 5*f + 6. Let q = 0 - -3. Let k(z) = 6 - 5 + 1 - q + z**2. What is k(f)?
0
Let s(n) be the third derivative of -2*n**6/15 - n**4/12 - n**3/3 + n**2 - 23*n. Determine s(-1).
16
Let h(n) be the second derivative of -n**5/20 - 7*n**4/12 - 3*n**3/2 - 7*n**2/2 - 2*n. Let v be 1292/(-190) + (-8)/(-10). What is h(v)?
11
Suppose 2*m - 3*m = 5. Let r(p) be the third derivative of -p**4/24 + p**3/6 - 3*p**2 - 61*p. Determine r(m).
6
Let x(r) = -19*r - 5. Suppose -5*h - 23 = -3*s, -4*h - 27 = -5*s - 7*h. Let v(d) = 39*d + 11. Let t(q) = s*v(q) + 13*x(q). Determine t(-1).
14
Let d(q) = q**3 + q**2. Let n(p) = p**2 - 4*p - 2. Let w(x) = 2*d(x) + n(x). What is w(-3)?
-17
Let o(n) be the third derivative of 5/2*n**3 + 0*n + 0 + 39*n**2 + 1/24*n**4. What is o(-8)?
7
Suppose 2*r - 8 = 2*y, 0 = -y + 5*r - 132 + 112. Let c(v) be the third derivative of 1/24*v**4 - 7*v**2 + 0*v + 1/6*v**3 + y. Calculate c(6).
7
Let i(h) = -28*h - 1. Let p(f) = -4*f. Let d(w) = i(w) - 6*p(w). Calculate d(4).
-17
Let k(r) = -26*r + 1. Suppose -2*g - 18 = -p, 2*p + 7*g - 11 = 6*g. Suppose -5*s = 0, 0 = -2*t + 4*s + 10 - p. Determine k(t).
-25
Let p(s) = 9*s**3 - 7*s + 56. Let q(j) = 5*j**3 - 4*j + 28. Let z(x) = 4*p(x) - 7*q(x). Calculate z(0).
28
Suppose 64 = 12*x + 4. Let u(g) be the second derivative of 4*g + 2*g**2 + 0 + 1/20*g**x + 2/3*g**3 - 1/2*g**4. Determine u(5).
-1
Let r(v) be the first derivative of 1 + 2*v**3 - 3/2*v**2 - 3*v - 1/4*v**4. Suppose 0 = 6*l - 10*l + 5*d + 15, -3*d = 3*l - 18. What is r(l)?
7
Let m be 16/12*(-9)/(-2). Let x(y) = -y**2 - 3 + 7*y - 4*y**2 + y**2 + 3*y**2. Give x(m).
3
Let h(d) = 24 + 9*d + 2 + 5. Let n be h(-4). Let x(k) = k**3 + 5*k**2 + k + 3. What is x(n)?
-2
Suppose g + 5 = 0, 4*w + 0 + 11 = g. Let a(u) = 6*u**3 + 9*u**2 + 5*u + 5. Let s be a(w). Let i be 2/(-14) + s/(-119). Let v(o) = -9*o - 1. Calculate v(i).
-19
Suppose -46*a + 42*a + 40 = 0. Let c(v) = 11 + 4*v + v**3 - 9 + 7*v**2 - a. Give c(-6).
4
Let l(n) = -n - 16. Let h be l(-9). Let a(s) = -2*s + 6. Let d(f) = -1. Let q(u) = a(u) + 10*d(u). Calculate q(h).
10
Let c be (-2)/9 + 4/18. Let a(s) = -s + c*s + 13*s**3 - s**3 + s**2. Let z = -530 - -531. Calculate a(z).
12
Let i = 2017 + -2019. Let b be (-8)/28 + 16/7. Let d(v) = -1 + 3 - b*v + 3*v. What is d(i)?
0
Let p(u) = -6*u**3 - 7*u**2 + 7*u + 10. Let m(a) = 7*a**3 + 7*a**2 - 7*a - 11. Let n(g) = -5*m(g) - 6*p(g). Give n(-8).
-13
Let p be (-114)/20 - (-15)/(-50). Let t(i) = -i**3 - 5*i**2 + 10*i + 9. What is t(p)?
-15
Let m(f) be the third derivative of -1/6*f**4 - 1/3*f**3 + 1/60*f**5 + 0*f + 0 + 11*f**2. Calculate m(5).
3
Let p(h) = h**2 + 3*h + 3. Let q(m) = -m**2 + m + 3. Let w be q(0). Suppose -4*v = -w*y + 8, -v = -5*y - 0*v - 15. Give p(y).
7
Let b(o) = -o**2 + 3*o + 4. Let p = 37 + -35. Suppose p*a + 1 = 11. Determine b(a).
-6
Let h(l) be the second derivative of -l**4/12 - 5*l**3/6 + 3*l**2 - l + 137. Give h(-5).
6
Let d(h) = h**2 - 14*h + 13. Let m = -376 + 390. What is d(m)?
13
Let m(p) be the third derivative of -p**5/60 - 19*p**3/3 - 584*p**2. Determine m(0).
-38
Let t(o) = 13*o**2 - 6*o + 13. Let x(f) = -15*f**2 + 6*f - 16. Let m(b) = 7*t(b) + 6*x(b). Determine m(6).
-5
Let p be 17*2 - (-6 - 24/(-4)). Suppose p = 5*s + 4. Let y(q) = q**3 - 5*q**2 - 6*q + 5. Give y(s).
5
Let g(f) = 0*f + 501 - 494 - 4*f - f. What is g(0)?
7
Let h(w) = 49*w - 10 - 92*w + 47*w. Let f be h(4). Let q(a) = -a**2 + 5*a + 1. Determine q(f).
-5
Let x(z) = -z**3 + z**2 + z. Let p(g) = g**3 + 4 - 6*g**2 - 2*g**3 + 0*g**3 + 5*g**3 - 6*g. Let s(w) = -p(w) - 3*x(w). Calculate s(4).
-8
Let p be 1*6*(0 - -1). Let d(v) = 203*v**3 - 3*v**3 - 5*v**2 - 5 - 8*v - 199*v**3. What is d(p)?
-17
Let u = -1 + 3. Suppose -u*n = -0 + 2. Let x(g) = -38*g**3 + 3*g**2 + 70*g**3 + 1 - 2*g**2 - 34*g**3 - 2. Determine x(n).
2
Let r(a) = -3*a + 3. Let i be r(1). Suppose i = -7*h + 34 + 15. Let b(k) = -3*k - k + k + 7 + k. Determine b(h).
-7
Let q(o) be the second derivative of -5*o**4/12 - 184*o. Give q(-1).
-5
Let r(y) = -3*y**3 - 11*y**2 + 3*y - 3. Let q(h) = -4*h**3 - 17*h**2 + 5*h - 4. Let f(g) = -5*q(g) + 7*r(g). Calculate f(7).
20
Let a(i) = -i**3 + 4*i**2 - i - 1. Let z = -11 - -7. Let h be (-81)/(-18) - (-2)/z. Determine a(h).
-5
Let x(a) = 22*a**2 + a + 1 + 1 + 3*a - 23*a**2. Suppose 29 = 10*h - 21. Determine x(h).
-3
Let h(k) be the first derivative of 14 - k**2 + k - 1/4*k**4 - 4/3*k**3. Give h(-3).
-2
Let q be 57/(-21) + 10/(-35). Suppose -2*a - 2 + 27 = 5*l, 13 = 2*a + l. Let r = a + q. Let h(m) = -m**2 + 2*m. Give h(r).
0
Let w(f) be the third derivative of f**6/60 + f**5/30 - f**4/6 - f**3/6 - 183*f**2. What is w(-3)?
-25
Let w(d) = -d**3 - 27*d**2 - 30*d - 108. Let a be w(-26). Let m(b) = 6*b + 13. Calculate m(a).
-11
Let c be 2 + -3 + 0 - -3. Let t(w) = 12*w**2 - 2*w. Give t(c).
44
Let h(f) = 7*f**3 + 4*f - 14. Let a(v) = 15*v**3 + v**2 + 8*v - 29. Let r = 57 + -70. Let g(m) = r*h(m) + 6*a(m). Calculate g(6).
-16
Let c(s) = s**2 + 6*s - 2. Let d be c(-6). Let w(v) = -2*v**2 - 3*v - v + 3*v. Let u be w(d). Let j(k) = k**3 + 7*k**2 + 5*k - 1. What is j(u)?
5
Let f be -1 - ((-24)/(-14) - 4/(-14)). Let m(s) = -s - 4. Let p(n) = -n - 5. Let v(z) = -3*m(z) + 2*p(z). Give v(f).
-1
Let f(u) = 4*u**2 - u + 1. Suppose 4*s = -2014 + 2018. Give f(s).
4
Suppose -2*h - n + 1 = -0, 40 = 5*h - 5*n. Let a(u) = 93*u**2 + 91*u**2 - 182*u**2 + u - h. Calculate a(-3).
12
Let a(s) = s - 4. Let r(u) = -u**3 - 17*u**2 - 18*u + 26. Let j be r(-16). Suppose 10*x - j = -8. Give a(x).
1
Let i(a) = 0*a - 2*a + 14 - 2*a + 4*a - a. What is i(10)?
4
Let k(f) = f**3 - 7*f**2 + 4*f + 5. Let r be k(6). Let n(m) = -2*m**2 + 5*m - 1. Let b be n(2). Let o = r + b. Let y(d) = d**3 + 7*d**2 + 7*d + 8. What is y(o)?
2
Let i be (-10)/(-3) + 1/(-3). Suppose 4*k - 4*v = -24, 0 = 8*k - i*k + 4*v + 12. Let a(m) = 7. Let c(z) = z - 8. Let n(h) = 4*a(h) + 3*c(h). Determine n(k).
-8
Let c = 1 - 2. Let t = -2 - c. Let k(a) = -1 - 2*a + 3340*a**2 - 3340*a**2 + 2*a**3. Give k(t).
-1
Let v(w) be the second derivative of -1/40*w**5 + 7/6*w**3 - 7*w - 1/24*w**4 + 0*w**2 + 0. Let n(m) be the second derivative of v(m). Calculate n(-1).
2
Let f(p) = p**2 - 2*p - 5. Let i be (-1)/(2/(-222)*-3). Let k = 5 + i. Let o be (k/28)/((-4)/14). What is f(o)?
3
Let j(u) be the second derivative of u**5/20 - u**4/2 - 2*u**3/3 + 2*u**2 - 55*u. Calculate j(6).
-20
Let y(s) = 99 + 101 - 301 + 6*s + 106 + s**2. Calculate y(-6).
5
Let k(z) be the first derivative of -2*z**3 + z**2 + z + 229. Calculate k(-1).
-7
Let j(o) = 2*o - 19. Let h be j(-6). Let c = -36 - h. Let n(u) = 2*u**2 + 7*u. Give n(c).
15
Let f(q) = 9*q**3 - 3*q**3 - 5*q**3 + 9*q**2 + 10 + 6*q. What is f(-8)?
26
Let x(p) = 12*p**2 + 166*p - 26. Let i be x(-14). Let z(r) = r**3 - 2*r**2 + 2*r - 3. Give z(i).
1
Suppose -3*f = -4*v + 2*f + 12, -v = -5*f - 3. Let x(n) = 2 + n**v - 1 + 0*n**3 + 5*n - 6*n - n**2. Calculate x(-2).
-9
Let w(f) = -f**3 - 9*f**2 - 6*f + 3. Let u(i) = i**3 - 6*i**2 - 52*i - 41. Let k be u(11). What is w(k)?
-13
Let r(l) = l - 2. Suppose -3*h + i + 11 = 0, 2*h + 3*i = 5*h - 21. Suppose h*u - 55 + 41 = 0. Give r(u).
5
Let l(y) = -4*y + 123. Let w(v) = -6*v + 186. Let b(d) = 8*l(d) - 5*w(d). Calculate b(20).
14
Let t(c) = 19*c**3 - 24 - 2*c + 25 - c**2 - 20*c**3. Suppose 1 + 9 = -5*o. Determine t(o).
9
Let n be (9/(-6))/(210/40 - 6). Let i(l) = -4*l**2 - 3*